). Let x(m) = 7*m - 2. What is x(d)?
-9
Let k(w) be the first derivative of -1/2*w**2 + 25 + 7*w. Calculate k(6).
1
Let q(j) be the second derivative of j**3/6 + 3*j**2/2 - 69*j. What is q(-6)?
-3
Let f(g) = -4*g**2 - 5*g + 6*g**2 + 7*g**2 - 2. Let u(h) = -h**2 + h + 1. Let q(w) = f(w) + 4*u(w). Give q(-2).
24
Let d(v) = v**2 - 18*v + 12. Let k be d(17). Let o(a) = -a + 5. What is o(k)?
10
Suppose 4*o - 5*c - 16 = -c, 0 = -3*o - 3*c - 18. Suppose 84 + 56 = -5*x. Let j be 12/x*7*o. Let u(w) = -2*w**2 + 5*w - 2. Determine u(j).
-5
Let r = -2 - -1. Let o = 6 + r. Let c(g) = 23 - 32 + 4 - g + 3 + 6. Calculate c(o).
-1
Let q(v) = 3*v - 12. Let x be q(6). Let p(y) = -5*y**2 + 3*y - 3*y - 9*y**3 - x + 10*y**3 + 2*y. Calculate p(4).
-14
Suppose 4*o - 21 = -3*a + 2*o, -o + 14 = 2*a. Let v(b) = -6*b**2 + 4*b - 12. Let y(s) = -5*s**2 + 4*s - 11. Let t(j) = a*y(j) - 6*v(j). Calculate t(-4).
-5
Suppose -5*y + 12 = -4*h, 0 = -2*h - 2*h - y + 12. Suppose 2*t = -h*t - 12. Let k(z) = 6*z + 1. What is k(t)?
-17
Let c(q) = q**3 - 7*q**2 + 9*q - 9. Let t = 318 - 312. Determine c(t).
9
Suppose 0 = -0*z - 2*z + 10. Let o(x) = -x**3 + 3*x**2 + 2*x - 1. Let i be o(3). Let d(s) = z - 5 - 4*s - i + s**2. What is d(5)?
0
Let g(n) = -2*n**2 - 7*n - 5. Let p(c) be the first derivative of 2*c - 1/2*c**2 - 1. Let q be p(6). What is g(q)?
-9
Let d = 288 + -288. Let x(p) = p**2 + p + 2. Give x(d).
2
Let j be ((-3)/(-2))/(2/4). Let x be 49/14*(2 - 0). Let b(c) = 6*c**2 - 7*c**2 + c - x + 11. Give b(j).
-2
Let m(x) = -x**3 - 5*x**2 + 9*x + 9. Let b be 6 - 4 - (-26 + 1). Let i be (1/(-3))/((-3)/b). Suppose -i*j + 15 = -5*l, -j = 6 - 1. What is m(l)?
-9
Let o be (118/354)/((-3 + 4)/(-9)). Let y(p) = -1 + 10*p - 4*p + p. Calculate y(o).
-22
Let m(d) = -35 - 2*d + 12 - d - 26 - 7*d. Determine m(-5).
1
Let q(w) be the third derivative of w**9/60480 - w**7/5040 - w**6/30 + w**5/6 + 3*w**2. Let t(d) be the third derivative of q(d). What is t(0)?
-24
Let d(b) = 4*b - 4. Let t(h) = -11*h + 9. Let i(x) = -17*d(x) - 6*t(x). Give i(11).
-8
Let a(w) = -4*w - 2. Suppose -4*o - 128 = 3*y, 4*y = -4*o + 2*y - 128. Let k = o + 30. What is a(k)?
6
Let i(b) = -109*b + 61*b + 47*b. Let x = 3 - 1. Give i(x).
-2
Let i(y) = 2 - 3 + 3 - y - 3. Let m be i(0). Let b be (-65)/(-10) - m/(-2). Let l(n) = n**2 - 4*n - 6. Determine l(b).
6
Let i(b) be the first derivative of b**2/2 - b - 42. Determine i(2).
1
Let p be (1 + 0)/((-1)/7). Let q(f) be the third derivative of 0 - 6*f**2 + 7/24*f**4 + 2/15*f**5 + 1/120*f**6 - 1/3*f**3 + 0*f. Give q(p).
-2
Let p(c) = -42 + 2*c**2 - c**2 - 36 + 2*c + 106 - 38. Calculate p(-3).
-7
Let j(o) = -o + 2. Let r = -7 + 9. Suppose r*d - 5*k + 3 = 0, -5*d = -3*k - k + 16. What is j(d)?
6
Let p(t) = 14*t + 17. Let v(g) = -5*g - 6. Let b(z) = -4*p(z) - 11*v(z). Suppose 33 = 4*w + 93. Let k be (-88)/w - (-10)/75. Calculate b(k).
-8
Suppose 8 = -3*t + 32. Let z be (1 - 2)/(4/(t*-3)). Let l(p) = -p**3 + 5*p**2 + 5 + 3*p - p + 3*p. What is l(z)?
-1
Let o(d) = d**3 + 5*d**2 + d - 3. Let m be o(-2). Let x(s) be the first derivative of -3 - 7*s + 1/2*s**2. Determine x(m).
0
Let c(m) be the second derivative of m**3/3 + 10*m**2 - 7*m. Let j be c(-7). Suppose -5*v - q + 2 = 0, -v + 2*q + j = 5*q. Let k(h) = h + 6. Determine k(v).
6
Suppose 3*u + 3*g = 0, 4*g + 25 = u - 0*u. Let m be (-2)/(-2) - u/(15/(-3)). Let j(n) = 7*n - 1. Give j(m).
13
Let n(y) be the third derivative of -11*y**6/120 - y**4/12 + y**3/6 + 2*y**2 - 31. Let p(t) = t**2 - 17*t + 17. Let i be p(16). Give n(i).
-12
Let k(p) = -2*p**2 - 36*p - 4. Let a(s) = -3*s**2 - 61*s - 7. Let x(l) = -3*a(l) + 5*k(l). What is x(-3)?
-17
Let l = 22 - 3. Let r = -19 + l. Let d(w) = w**3 - w**2 - 20. What is d(r)?
-20
Suppose -x + 0*x = -1. Let q(t) = t**2 + 4*t + 4. Let w be q(-5). Let y(s) = 4*s**3 + w*s**3 - 2 - s**2 + 2*s + 1. What is y(x)?
13
Let l(o) = o + 2 + 3 + 3. Suppose -f - 16 = -4*g, g - 5*g + 16 = -5*f. Calculate l(f).
8
Suppose -8 = 3*n - 4*h, -7*h + 6 = -4*h. Let y(s) = s + 2. Calculate y(n).
2
Let c(f) = -5*f - 3. Let n(z) = 8*z + 2. Let m(w) = 6*c(w) + 4*n(w). Give m(10).
10
Let b(f) = 1 - 4*f - 134*f**2 + 0 + 272*f**2 - 137*f**2. What is b(6)?
13
Suppose 0 = c - 0*c + y, -2*c - 2 = 3*y. Let h(m) = -10 + m**c + 8 + 0*m**2. Determine h(2).
2
Suppose -30 = -8*x + 2*x. Suppose -x*s = -6 - 4. Let d(t) = 2*t**2 - t - 2. Calculate d(s).
4
Suppose 0*k = 2*k + 10. Let a(h) = h**2 - h - 16. Let c(j) = j**2 + j - 12. Let x(g) = -3*a(g) + 4*c(g). What is x(k)?
-10
Let d(h) be the first derivative of 1/3*h**3 + h**2 + h - 1/4*h**4 - 5. Let w = -2 - 0. Determine d(w).
9
Let h(j) = 3*j - 4. Let s(w) = 2*w + 2. Let f(x) = -h(x) - s(x). Determine f(2).
-8
Let g = 4 - 4. Let s be (-1 - 2) + 1 - -11. Let x(q) = 21 - s - q**2 + 4*q - 3*q. Give x(g).
12
Let h(k) be the third derivative of -k**5/60 - 13*k**4/24 - k**3/3 - 236*k**2. Determine h(-13).
-2
Let g(f) = 40*f**2 - 8*f - 28. Let j(r) = 14*r**2 - 3*r - 10. Let m(z) = 4*g(z) - 11*j(z). What is m(1)?
5
Suppose -21*z - 120 = -29*z. Suppose 24 = -2*h - 4*f, 5*f = -3*h + 8*h + z. Let u(b) = -b**3 - 7*b**2 - 6*b - 2. What is u(h)?
-2
Let u(j) be the third derivative of j**5/60 - j**4/8 - j**3 - 11*j**2. Let b(s) = -7*s**2 + 6*s + s**3 - 1 + 12*s - 11*s. Let m be b(6). What is u(m)?
4
Let o(m) be the second derivative of -13*m**3/6 - 5*m**2/2 + 585*m. Calculate o(-2).
21
Let a(g) = 15*g + 6. Let k(t) = -17*t - 6. Let r(y) = 7*a(y) + 6*k(y). Let h(p) = -p + 1. Let s be h(7). What is r(s)?
-12
Let t(l) be the third derivative of -l**4/12 + l**3/3 - l**2. Suppose 13 - 1 = 4*m. Let s be (5/m)/(1/(-3)). What is t(s)?
12
Let a(b) = -30*b + 230. Let g be a(8). Let h(j) = 2*j + 24. Determine h(g).
4
Let l(f) = 2*f**2 + 2*f - 1. Let q(s) = s**3 - 6*s**2 - 8*s + 11. Let a be q(7). Let i be 6*a/6 - 3. Calculate l(i).
3
Let d = 1211 - 1212. Let v(u) = 1 - u**2 + 7*u**2 + u + 0*u**2. Determine v(d).
6
Let i(x) be the third derivative of 0 + 2*x**2 - 1/120*x**6 - 1/6*x**3 + 1/60*x**5 + 1/8*x**4 + 0*x. Determine i(3).
-10
Let t(r) = 3*r**2 + 3*r + 10. Let b(x) = 2*x**2 + 3*x + 7. Let d(a) = 4*b(a) - 3*t(a). Calculate d(5).
-12
Let x(g) = g**3 + g**2 + 4*g + 4. Let t = -360 + 357. Determine x(t).
-26
Suppose 5*d = -2*z + 6*z + 42, 10 = -z + d. Let t be 24/z + -3 + -1 + 0. Let y(m) = -m**3 + 0*m - 7*m**2 + 0*m**3 - m - 3. Calculate y(t).
4
Suppose s = -0*s + 2. Suppose 0 = -s*i - 4*w, -5*i + 0*i + 5*w = 15. Let x be (i - (0 - 1))/1. Let d(l) = -16*l**3 - l**2 + 1. Calculate d(x).
16
Let k(q) = -q**2 - 3*q + 5. Let h(i) = 3*i - 10. Let l be h(5). Suppose 3*c = -2*c + d - 19, 0 = -2*c + l*d - 3. Determine k(c).
1
Let u(d) = -d. Let q(x) = x**2 - x + 2. Let o(s) = q(s) - u(s). Let f be (-28)/(-20) + 36/(-15) + 3. Suppose 4*p + f*b - 4 = 0, 1 = 5*p - b + 3. Give o(p).
2
Let f be 2 + -2 + 0 + 2. Let w(q) = -10 - f*q**3 + 3*q**3 - 6*q + 8 + 2*q**2. Calculate w(-4).
-10
Let v(m) = m**2 + 3*m + 1. Let c = 22 + -26. Let b be v(c). Let d(y) = 7*y + 1. Let t(s) = -s - 1. Let z(o) = d(o) + 5*t(o). Calculate z(b).
6
Let d(n) = 16*n - 24*n - 4 + 99*n**2 - 106*n**2 - n**3. Determine d(-6).
8
Let s(w) be the second derivative of -w**4/12 - 2*w**3/3 + 5*w**2/2 + 7*w - 15. Let x = -9 - -14. Let l = -11 + x. Determine s(l).
-7
Suppose 0 = 4*c - 5*c - 5. Let t(g) = g**3 + 6*g**2 - 16*g. Let x(y) = 2*y**3 + 12*y**2 - 39*y - 1. Let m(h) = -7*t(h) + 3*x(h). What is m(c)?
-3
Let x(j) = -4*j**2 + 5*j - 6. Suppose 0 = -9*k - 21 - 33. Let h(s) = s**3 + 3*s**2 - 4*s + 5. Let n(g) = k*h(g) - 5*x(g). Give n(1).
-5
Let w(t) = 26*t - 18. Let p(x) = 5*x. Let a(f) = -5*p(f) + w(f). Give a(0).
-18
Suppose -m + 2 + 4 = 0. Let t(z) be the third derivative of -z**6/720 - z**5/120 - z**4/12 + z**2. Let v(l) be the second derivative of t(l). Give v(m).
-7
Let k(g) be the first derivative of -g**4/4 - 2*g**3 + 9*g**2/2 - 8*g - 675. What is k(-7)?
-22
Let z(g) = -3*g**2 - 4*g - 4. Let k(q) = 4*q**2 + 4*q + 5. Let s be (32/4 + 0)*4/(-8). Let b(d) = s*k(d) - 5*z(d). Determine b(6).
-12
Let g(q) be the third derivative of -q**6/120 + q**5/10 - q**4/4 + q**3/2 + q**2. Let r = 48 + -48. Let z be 17/4 - (r - 3/4). Determine g(z).
-2
Let b(m) be the second derivative of 7*m**3/6 - 2*m**2 - 350*m. Let o be 12/2 + -5 + 2. Calculate b(o).
17
Let m(n) = -